?
6
What is the millions digit of 69025868?
9
What is the millions digit of 81198353?
1
What is the millions digit of 6875358334?
5
What is the ten thousands digit of 395507449?
0
What is the billions digit of 6432978368?
6
What is the hundred thousands digit of 2744760474?
7
What is the hundred millions digit of 354591010?
3
What is the tens digit of 1139901510?
1
What is the hundreds digit of 32437826?
8
What is the ten millions digit of 3387641748?
8
What is the tens digit of 201734844?
4
What is the thousands digit of 97931686?
1
What is the tens digit of 1811795713?
1
What is the hundred thousands digit of 81918106?
9
What is the ten thousands digit of 74325700?
2
What is the millions digit of 411265662?
1
What is the ten thousands digit of 74584442?
8
What is the millions digit of 574907709?
4
What is the hundred millions digit of 225294237?
2
What is the tens digit of 50076616?
1
What is the millions digit of 522812980?
2
What is the millions digit of 2471799029?
1
What is the thousands digit of 466156271?
6
What is the units digit of 1570173772?
2
What is the millions digit of 47139738?
7
What is the hundreds digit of 1311160563?
5
What is the units digit of 880116933?
3
What is the hundred millions digit of 909822406?
9
What is the units digit of 4578415450?
0
What is the thousands digit of 46149985?
9
What is the thousands digit of 1183940410?
0
What is the ten millions digit of 2803308529?
0
What is the hundreds digit of 53171076?
0
What is the hundreds digit of 118108240?
2
What is the tens digit of 149007004?
0
What is the tens digit of 301406182?
8
What is the thousands digit of 2807998475?
8
What is the ten millions digit of 371050983?
7
What is the millions digit of 72695290?
2
What is the millions digit of 24649281?
4
What is the hundred millions digit of 202536602?
2
What is the ten millions digit of 311573154?
1
What is the ten millions digit of 31775490?
3
What is the tens digit of 1518664642?
4
What is the hundred thousands digit of 25437113?
4
What is the units digit of 38214882?
2
What is the tens digit of 1441787776?
7
What is the hundred millions digit of 1896501896?
8
What is the units digit of 61503759?
9
What is the tens digit of 42495715?
1
What is the ten thousands digit of 2612077669?
7
What is the millions digit of 144944253?
4
What is the hundred thousands digit of 32658021?
6
What is the hundred millions digit of 215366104?
2
What is the hundred thousands digit of 824526396?
5
What is the thousands digit of 142437471?
7
What is the hundred millions digit of 2103758217?
1
What is the ten thousands digit of 122721986?
2
What is the hundreds digit of 82905155?
1
What is the tens digit of 25915216?
1
What is the billions digit of 1023551539?
1
What is the hundred millions digit of 139131849?
1
What is the units digit of 646281142?
2
What is the tens digit of 51864123?
2
What is the millions digit of 21247944?
1
What is the units digit of 1752275555?
5
What is the hundred millions digit of 226977362?
2
What is the millions digit of 181049524?
1
What is the hundred millions digit of 3204118509?
2
What is the ten millions digit of 4412716547?
1
What is the tens digit of 1627085786?
8
What is the hundred millions digit of 3217525677?
2
What is the ten thousands digit of 184850635?
5
What is the hundred thousands digit of 15978915?
9
What is the millions digit of 8396860?
8
What is the units digit of 3392724256?
6
What is the hundreds digit of 50669550?
5
What is the hundreds digit of 1688993122?
1
What is the tens digit of 1155550000?
0
What is the ten millions digit of 179179231?
7
What is the millions digit of 390169536?
0
What is the tens digit of 1439002954?
5
What is the millions digit of 21360333?
1
What is the units digit of 6421980628?
8
What is the hundreds digit of 6058203202?
2
What is the units digit of 716332583?
3
What is the millions digit of 129030073?
9
What is the ten millions digit of 379442190?
7
What is the millions digit of 337719721?
7
What is the tens digit of 133196777?
7
What is the ten millions digit of 1502933464?
0
What is the hundred thousands digit of 122569177?
5
What is the billions digit of 1670414281?
1
What is the ten millions digit of 135214085?
3
What is the units digit of 5226762?
2
What is the hundred thousands digit of 131268940?
2
What is the thousands digit of 1160435622?
5
What is the hundreds digit of 349629?
6
What is the hundred thousands digit of 46571516?
5
What is the ten millions digit of 103827857?
0
What is the ten millions digit of 43632023?
4
What is the hundreds digit of 421337153?
1
What is the units digit of 372649636?
6
What is the hundreds digit of 148500651?
6
What is the thousands digit of 46842773?
2
What is the hundred thousands digit of 703685270?
6
What is the tens digit of 81381560?
6
What is the tens digit of 1329031?
3
What is the millions digit of 1583769474?
3
What is the tens digit of 369650890?
9
What is the ten thousands digit of 5660560593?
6
What is the ten millions digit of 43193396?
4
What is the ten thousands digit of 7657447?
5
What is the billions digit of 1506581883?
1
What is the hundreds digit of 2572438957?
9
What is the ten thousands digit of 32519492?
1
What is the hundred thousands digit of 1120585065?
5
What is the ten millions digit of 20714776?
2
What is the units digit of 53087597?
7
What is the hundred thousands digit of 530519138?
5
What is the ten millions digit of 18644831?
1
What is the thousands digit of 221457133?
7
What is the units digit of 50980608?
8
What is the ten millions digit of 180895482?
8
What is the hundred millions digit of 162717843?
1
What is the units digit of 241867722?
2
What is the hundreds digit of 83965590?
5
What is the millions digit of 88818540?
8
What is the thousands digit of 1433921261?
1
What is the hundreds digit of 76491398?
3
What is the tens digit of 868696265?
6
What is the hundred thousands digit of 13018955?
0
What is the units digit of 4251476013?
3
What is the thousands digit of 115190263?
0
What is the hundred thousands digit of 45265328?
2
What is the millions digit of 7621514?
7
What is the millions digit of 14847833?
4
What is the thousands digit of 702998205?
8
What is the tens digit of 331782952?
5
What is the units digit of 163811397?
7
What is the hundreds digit of 21138687?
6
What is the ten thousands digit of 8843961257?
6
What is the ten thousands digit of 59257971?
5
What is the millions digit of 1609974?
1
What is the hundred millions digit of 149109752?
1
What is the hundreds digit of 66881615?
6
What is the tens digit of 36529586?
8
What is the ten thousands digit of 3376118?
7
What is the ten thousands digit of 448420817?
2
What is the units digit of 1362482924?
4
What is the hundred millions digit of 295182588?
2
What is the millions digit of 270919022?
0
What is the ten thousands digit of 381738105?
3
What is the ten thousands digit of 44942718?
4
What is the ten thousands digit of 3696369282?
6
What is the hundred millions digit of 504554035?
5
What is the units digit of 14266464?
4
What is the tens digit of 6903345?
4
What is the ten thousands digit of 1257228148?
2
What is the units digit of 19449876?
6
What is the units digit of 24964387?
7
What is the hundred millions digit of 780142695?
7
What is the billions digit of 1819389791?
1
What is the tens digit of 18238342?
4
What is the hundred thousands digit of 3057211695?
2
What is the ten millions digit of 178911269?
7
What is the thousands digit of 1845712673?
2
What is the ten millions digit of 542124237?
4
What is the hundreds digit of 2009540247?
2
What is the tens digit of 24513176?
7
What is the ten thousands digit of 197024356?
2
What is the hundred thousands digit of 3662262161?
2
What is the hundred thousands digit of 376596831?
5
What is the hundred thousands digit of 65644706?
6
What is the ten thousands digit of 1557116344?
1
What is the hundred thousands digit of 174010549?
0
What is the tens digit of 1517296079?
7
What is the ten thousands digit of 1249457196?
5
What is the hundred millions digit of 3585821789?
5
What is the units digit of 22521378?
8
What is the hundreds digit of 88011647?
6
What is the hundred thousands digit of 10400740?
4
What is the ten millions digit of 2756920601?
5
Wha